Last updated on 2022-04-24 03:52:42 CEST.
Flavor | Version | Tinstall | Tcheck | Ttotal | Status | Flags |
---|---|---|---|---|---|---|
r-devel-linux-x86_64-debian-clang | 0.1.0 | 2.22 | 38.37 | 40.59 | OK | |
r-devel-linux-x86_64-debian-gcc | 0.1.0 | 1.79 | 28.55 | 30.34 | OK | |
r-devel-linux-x86_64-fedora-clang | 0.1.0 | 51.46 | NOTE | |||
r-devel-linux-x86_64-fedora-gcc | 0.1.0 | 38.51 | NOTE | |||
r-patched-linux-x86_64 | 0.1.0 | 2.43 | 36.23 | 38.66 | OK | |
r-release-linux-x86_64 | 0.1.0 | 1.59 | 35.76 | 37.35 | OK | |
r-release-macos-arm64 | 0.1.0 | NOTE | ||||
r-release-macos-x86_64 | 0.1.0 | NOTE | ||||
r-release-windows-x86_64 | 0.1.0 | 19.00 | 51.00 | 70.00 | OK | |
r-oldrel-macos-arm64 | 0.1.0 | NOTE | ||||
r-oldrel-macos-x86_64 | 0.1.0 | NOTE | ||||
r-oldrel-windows-ix86+x86_64 | 0.1.0 | 5.00 | 42.00 | 47.00 | OK |
Version: 0.1.0
Check: dependencies in R code
Result: NOTE
Namespace in Imports field not imported from: ‘MASS’
All declared Imports should be used.
Flavors: r-devel-linux-x86_64-fedora-clang, r-devel-linux-x86_64-fedora-gcc, r-release-macos-arm64, r-release-macos-x86_64, r-oldrel-macos-arm64, r-oldrel-macos-x86_64