Last updated on 2022-04-24 03:52:42 CEST.
Flavor | Version | Tinstall | Tcheck | Ttotal | Status | Flags |
---|---|---|---|---|---|---|
r-devel-linux-x86_64-debian-clang | 0.3.0 | 3.74 | 59.71 | 63.45 | OK | |
r-devel-linux-x86_64-debian-gcc | 0.3.0 | 3.12 | 45.45 | 48.57 | OK | |
r-devel-linux-x86_64-fedora-clang | 0.3.0 | 80.57 | NOTE | |||
r-devel-linux-x86_64-fedora-gcc | 0.3.0 | 68.83 | NOTE | |||
r-patched-linux-x86_64 | 0.3.0 | 3.20 | 58.27 | 61.47 | OK | |
r-release-linux-x86_64 | 0.3.0 | 3.63 | 55.65 | 59.28 | OK | |
r-release-macos-arm64 | 0.3.0 | NOTE | ||||
r-release-macos-x86_64 | 0.3.0 | NOTE | ||||
r-release-windows-x86_64 | 0.3.0 | 28.00 | 79.00 | 107.00 | OK | |
r-oldrel-macos-arm64 | 0.3.0 | NOTE | ||||
r-oldrel-macos-x86_64 | 0.3.0 | NOTE | ||||
r-oldrel-windows-ix86+x86_64 | 0.3.0 | 8.00 | 68.00 | 76.00 | OK |
Version: 0.3.0
Check: data for non-ASCII characters
Result: NOTE
Note: found 47 marked UTF-8 strings
Flavors: r-devel-linux-x86_64-fedora-clang, r-devel-linux-x86_64-fedora-gcc, r-release-macos-arm64, r-release-macos-x86_64, r-oldrel-macos-arm64, r-oldrel-macos-x86_64