Last updated on 2022-04-24 03:52:42 CEST.
Flavor | Version | Tinstall | Tcheck | Ttotal | Status | Flags |
---|---|---|---|---|---|---|
r-devel-linux-x86_64-debian-clang | 0.6-70 | 9.16 | 116.77 | 125.93 | OK | |
r-devel-linux-x86_64-debian-gcc | 0.6-70 | 6.70 | 84.77 | 91.47 | OK | |
r-devel-linux-x86_64-fedora-clang | 0.6-70 | 168.83 | NOTE | |||
r-devel-linux-x86_64-fedora-gcc | 0.6-70 | 154.78 | NOTE | |||
r-patched-linux-x86_64 | 0.6-70 | 11.55 | 103.97 | 115.52 | OK | |
r-release-linux-x86_64 | 0.6-70 | 8.40 | 99.32 | 107.72 | OK | |
r-release-macos-arm64 | 0.6-70 | NOTE | ||||
r-release-macos-x86_64 | 0.6-70 | NOTE | ||||
r-release-windows-x86_64 | 0.6-70 | 60.00 | 136.00 | 196.00 | OK | |
r-oldrel-macos-arm64 | 0.6-70 | NOTE | ||||
r-oldrel-macos-x86_64 | 0.6-70 | NOTE | ||||
r-oldrel-windows-ix86+x86_64 | 0.6-70 | 17.00 | 107.00 | 124.00 | OK |
Version: 0.6-70
Check: data for non-ASCII characters
Result: NOTE
Note: found 146804 marked UTF-8 strings
Flavors: r-devel-linux-x86_64-fedora-clang, r-devel-linux-x86_64-fedora-gcc, r-release-macos-arm64, r-release-macos-x86_64, r-oldrel-macos-arm64, r-oldrel-macos-x86_64