Last updated on 2022-04-24 03:52:42 CEST.
Flavor | Version | Tinstall | Tcheck | Ttotal | Status | Flags |
---|---|---|---|---|---|---|
r-devel-linux-x86_64-debian-clang | 1.0.2 | 10.74 | 103.34 | 114.08 | NOTE | |
r-devel-linux-x86_64-debian-gcc | 1.0.2 | 8.95 | 79.62 | 88.57 | NOTE | |
r-devel-linux-x86_64-fedora-clang | 1.0.2 | 150.74 | NOTE | |||
r-devel-linux-x86_64-fedora-gcc | 1.0.2 | 135.19 | NOTE | |||
r-patched-linux-x86_64 | 1.0.2 | 10.37 | 97.95 | 108.32 | NOTE | |
r-release-linux-x86_64 | 1.0.2 | 8.71 | 92.89 | 101.60 | NOTE | |
r-release-macos-arm64 | 1.0.2 | NOTE | ||||
r-release-macos-x86_64 | 1.0.2 | NOTE | ||||
r-release-windows-x86_64 | 1.0.2 | 39.00 | 128.00 | 167.00 | NOTE | |
r-oldrel-macos-arm64 | 1.0.2 | NOTE | ||||
r-oldrel-macos-x86_64 | 1.0.2 | NOTE | ||||
r-oldrel-windows-ix86+x86_64 | 1.0.2 | 22.00 | 119.00 | 141.00 | NOTE |
Version: 1.0.2
Check: LazyData
Result: NOTE
'LazyData' is specified without a 'data' directory
Flavors: r-devel-linux-x86_64-debian-clang, r-devel-linux-x86_64-debian-gcc, r-devel-linux-x86_64-fedora-clang, r-devel-linux-x86_64-fedora-gcc, r-patched-linux-x86_64, r-release-linux-x86_64, r-release-macos-arm64, r-release-macos-x86_64, r-release-windows-x86_64, r-oldrel-macos-arm64, r-oldrel-macos-x86_64, r-oldrel-windows-ix86+x86_64