Last updated on 2022-04-24 03:52:42 CEST.
Flavor | Version | Tinstall | Tcheck | Ttotal | Status | Flags |
---|---|---|---|---|---|---|
r-devel-linux-x86_64-debian-clang | 2.0.6 | 88.31 | 77.30 | 165.61 | WARN | |
r-devel-linux-x86_64-debian-gcc | 2.0.6 | 74.83 | 60.28 | 135.11 | OK | |
r-devel-linux-x86_64-fedora-clang | 2.0.6 | 243.22 | WARN | |||
r-devel-linux-x86_64-fedora-gcc | 2.0.6 | 224.40 | OK | |||
r-patched-linux-x86_64 | 2.0.6 | 71.24 | 77.05 | 148.29 | OK | |
r-release-linux-x86_64 | 2.0.6 | 78.16 | 70.94 | 149.10 | OK | |
r-release-macos-arm64 | 2.0.6 | NOTE | ||||
r-release-macos-x86_64 | 2.0.6 | NOTE | ||||
r-release-windows-x86_64 | 2.0.6 | 92.00 | 125.00 | 217.00 | OK | |
r-oldrel-macos-arm64 | 2.0.6 | NOTE | ||||
r-oldrel-macos-x86_64 | 2.0.6 | NOTE | ||||
r-oldrel-windows-ix86+x86_64 | 2.0.6 | 185.00 | 141.00 | 326.00 | OK |
Version: 2.0.6
Check: whether package can be installed
Result: WARN
Found the following significant warnings:
rcpparma_hello_world.cpp:377:37: warning: use of bitwise '&' with boolean operands [-Wbitwise-instead-of-logical]
Flavors: r-devel-linux-x86_64-debian-clang, r-devel-linux-x86_64-fedora-clang
Version: 2.0.6
Check: installed package size
Result: NOTE
installed size is 6.1Mb
sub-directories of 1Mb or more:
libs 5.7Mb
Flavors: r-devel-linux-x86_64-fedora-clang, r-release-macos-arm64, r-release-macos-x86_64, r-oldrel-macos-arm64, r-oldrel-macos-x86_64