Last updated on 2022-04-24 03:52:42 CEST.
Flavor | Version | Tinstall | Tcheck | Ttotal | Status | Flags |
---|---|---|---|---|---|---|
r-devel-linux-x86_64-debian-clang | 0.5.1 | 7.13 | 63.86 | 70.99 | NOTE | |
r-devel-linux-x86_64-debian-gcc | 0.5.1 | 4.80 | 50.06 | 54.86 | NOTE | |
r-devel-linux-x86_64-fedora-clang | 0.5.1 | 92.43 | NOTE | |||
r-devel-linux-x86_64-fedora-gcc | 0.5.1 | 98.26 | NOTE | |||
r-patched-linux-x86_64 | 0.5.1 | 5.12 | 62.15 | 67.27 | NOTE | |
r-release-linux-x86_64 | 0.5.1 | 4.34 | 59.21 | 63.55 | NOTE | |
r-release-macos-arm64 | 0.5.1 | NOTE | ||||
r-release-macos-x86_64 | 0.5.1 | NOTE | ||||
r-release-windows-x86_64 | 0.5.1 | 30.00 | 92.00 | 122.00 | NOTE | |
r-oldrel-macos-arm64 | 0.5.1 | NOTE | ||||
r-oldrel-macos-x86_64 | 0.5.1 | NOTE | ||||
r-oldrel-windows-ix86+x86_64 | 0.5.1 | 14.00 | 75.00 | 89.00 | NOTE |
Version: 0.5.1
Check: LazyData
Result: NOTE
'LazyData' is specified without a 'data' directory
Flavors: r-devel-linux-x86_64-debian-clang, r-devel-linux-x86_64-debian-gcc, r-devel-linux-x86_64-fedora-clang, r-devel-linux-x86_64-fedora-gcc, r-patched-linux-x86_64, r-release-linux-x86_64, r-release-macos-arm64, r-release-macos-x86_64, r-release-windows-x86_64, r-oldrel-macos-arm64, r-oldrel-macos-x86_64, r-oldrel-windows-ix86+x86_64