Last updated on 2022-04-24 03:52:42 CEST.
Flavor | Version | Tinstall | Tcheck | Ttotal | Status | Flags |
---|---|---|---|---|---|---|
r-devel-linux-x86_64-debian-clang | 0.6.0 | 38.05 | 216.00 | 254.05 | NOTE | |
r-devel-linux-x86_64-debian-gcc | 0.6.0 | 31.39 | 170.54 | 201.93 | NOTE | |
r-devel-linux-x86_64-fedora-clang | 0.6.0 | 451.40 | NOTE | |||
r-devel-linux-x86_64-fedora-gcc | 0.6.0 | 438.98 | NOTE | |||
r-patched-linux-x86_64 | 0.6.0 | 41.28 | 199.86 | 241.14 | NOTE | |
r-release-linux-x86_64 | 0.6.0 | 32.54 | 183.56 | 216.10 | NOTE | |
r-release-macos-arm64 | 0.6.0 | NOTE | ||||
r-release-macos-x86_64 | 0.6.0 | NOTE | ||||
r-release-windows-x86_64 | 0.6.0 | 123.00 | 313.00 | 436.00 | NOTE | |
r-oldrel-macos-arm64 | 0.6.0 | NOTE | ||||
r-oldrel-macos-x86_64 | 0.6.0 | NOTE | ||||
r-oldrel-windows-ix86+x86_64 | 0.6.0 | 75.00 | 309.00 | 384.00 | NOTE |
Version: 0.6.0
Check: package dependencies
Result: NOTE
Package suggested but not available for checking: 'zdat'
Flavors: r-devel-linux-x86_64-debian-clang, r-devel-linux-x86_64-debian-gcc, r-devel-linux-x86_64-fedora-clang, r-devel-linux-x86_64-fedora-gcc, r-patched-linux-x86_64, r-release-linux-x86_64, r-release-macos-arm64, r-release-macos-x86_64, r-release-windows-x86_64, r-oldrel-macos-arm64, r-oldrel-macos-x86_64, r-oldrel-windows-ix86+x86_64