Last updated on 2022-04-24 03:52:42 CEST.
Flavor | Version | Tinstall | Tcheck | Ttotal | Status | Flags |
---|---|---|---|---|---|---|
r-devel-linux-x86_64-debian-clang | 0.1.2 | 43.32 | 89.10 | 132.42 | OK | |
r-devel-linux-x86_64-debian-gcc | 0.1.2 | 42.32 | 74.01 | 116.33 | OK | |
r-devel-linux-x86_64-fedora-clang | 0.1.2 | 221.15 | NOTE | |||
r-devel-linux-x86_64-fedora-gcc | 0.1.2 | 207.85 | OK | |||
r-patched-linux-x86_64 | 0.1.2 | 44.77 | 88.20 | 132.97 | OK | |
r-release-linux-x86_64 | 0.1.2 | 50.20 | 87.52 | 137.72 | OK | |
r-release-macos-arm64 | 0.1.2 | NOTE | ||||
r-release-macos-x86_64 | 0.1.2 | NOTE | ||||
r-release-windows-x86_64 | 0.1.2 | 44.00 | 154.00 | 198.00 | OK | |
r-oldrel-macos-arm64 | 0.1.2 | NOTE | ||||
r-oldrel-macos-x86_64 | 0.1.2 | NOTE | ||||
r-oldrel-windows-ix86+x86_64 | 0.1.2 | 114.00 | 184.00 | 298.00 | OK |
Version: 0.1.2
Check: installed package size
Result: NOTE
installed size is 6.1Mb
sub-directories of 1Mb or more:
libs 5.8Mb
Flavors: r-devel-linux-x86_64-fedora-clang, r-release-macos-arm64, r-release-macos-x86_64, r-oldrel-macos-arm64, r-oldrel-macos-x86_64