Last updated on 2022-04-24 03:52:26 CEST.
Flavor | Version | Tinstall | Tcheck | Ttotal | Status | Flags |
---|---|---|---|---|---|---|
r-devel-linux-x86_64-debian-clang | 0.2 | 21.60 | 200.06 | 221.66 | NOTE | |
r-devel-linux-x86_64-debian-gcc | 0.2 | 15.55 | 144.04 | 159.59 | NOTE | |
r-devel-linux-x86_64-fedora-clang | 0.2 | 261.49 | NOTE | |||
r-devel-linux-x86_64-fedora-gcc | 0.2 | 241.46 | NOTE | |||
r-patched-linux-x86_64 | 0.2 | 21.24 | 181.06 | 202.30 | NOTE | |
r-release-linux-x86_64 | 0.2 | 18.33 | 166.15 | 184.48 | NOTE | |
r-release-macos-arm64 | 0.2 | NOTE | ||||
r-release-macos-x86_64 | 0.2 | NOTE | ||||
r-release-windows-x86_64 | 0.2 | 23.00 | 184.00 | 207.00 | NOTE | |
r-oldrel-macos-arm64 | 0.2 | NOTE | ||||
r-oldrel-macos-x86_64 | 0.2 | NOTE | ||||
r-oldrel-windows-ix86+x86_64 | 0.2 | 41.00 | 175.00 | 216.00 | NOTE |
Version: 0.2
Check: LazyData
Result: NOTE
'LazyData' is specified without a 'data' directory
Flavors: r-devel-linux-x86_64-debian-clang, r-devel-linux-x86_64-debian-gcc, r-devel-linux-x86_64-fedora-clang, r-devel-linux-x86_64-fedora-gcc, r-patched-linux-x86_64, r-release-linux-x86_64, r-release-macos-arm64, r-release-macos-x86_64, r-release-windows-x86_64, r-oldrel-macos-arm64, r-oldrel-macos-x86_64, r-oldrel-windows-ix86+x86_64