Last updated on 2022-04-24 03:52:26 CEST.
Flavor | Version | Tinstall | Tcheck | Ttotal | Status | Flags |
---|---|---|---|---|---|---|
r-devel-linux-x86_64-debian-clang | 1.0 | 1.71 | 37.96 | 39.67 | NOTE | |
r-devel-linux-x86_64-debian-gcc | 1.0 | 1.58 | 29.39 | 30.97 | NOTE | |
r-devel-linux-x86_64-fedora-clang | 1.0 | 49.13 | NOTE | |||
r-devel-linux-x86_64-fedora-gcc | 1.0 | 37.28 | NOTE | |||
r-patched-linux-x86_64 | 1.0 | 2.41 | 36.63 | 39.04 | NOTE | |
r-release-linux-x86_64 | 1.0 | 2.11 | 35.80 | 37.91 | NOTE | |
r-release-macos-arm64 | 1.0 | NOTE | ||||
r-release-macos-x86_64 | 1.0 | NOTE | ||||
r-release-windows-x86_64 | 1.0 | 37.00 | 57.00 | 94.00 | NOTE | |
r-oldrel-macos-arm64 | 1.0 | NOTE | ||||
r-oldrel-macos-x86_64 | 1.0 | NOTE | ||||
r-oldrel-windows-ix86+x86_64 | 1.0 | 4.00 | 35.00 | 39.00 | NOTE |
Version: 1.0
Check: R code for possible problems
Result: NOTE
load.genelist: no visible global function definition for 'read.delim'
Undefined global functions or variables:
read.delim
Consider adding
importFrom("utils", "read.delim")
to your NAMESPACE file.
Flavors: r-devel-linux-x86_64-debian-clang, r-devel-linux-x86_64-debian-gcc, r-devel-linux-x86_64-fedora-clang, r-devel-linux-x86_64-fedora-gcc, r-patched-linux-x86_64, r-release-linux-x86_64, r-release-macos-arm64, r-release-macos-x86_64, r-release-windows-x86_64, r-oldrel-macos-arm64, r-oldrel-macos-x86_64, r-oldrel-windows-ix86+x86_64
Version: 1.0
Check: Rd line widths
Result: NOTE
Rd file 'geneListPie-package.Rd':
\examples lines wider than 100 characters:
glist<-c("ABCB7","ABCF1","ABHD2","ACAD9","ACIN1","AMOTL1","ANLN","ANXA4","APBA2","APBA3","BAI3","BCLAF1","BEST1")
Rd file 'geneListProfile.Rd':
\examples lines wider than 100 characters:
glist<-c("ABCB7","ABCF1","ABHD2","ACAD9","ACIN1","AMOTL1","ANLN","ANXA4","APBA2","APBA3","BAI3","BCLAF1","BEST1")
These lines will be truncated in the PDF manual.
Flavors: r-devel-linux-x86_64-debian-clang, r-devel-linux-x86_64-debian-gcc, r-devel-linux-x86_64-fedora-clang, r-devel-linux-x86_64-fedora-gcc, r-patched-linux-x86_64, r-release-linux-x86_64