Last updated on 2022-04-24 03:52:27 CEST.
Flavor | Version | Tinstall | Tcheck | Ttotal | Status | Flags |
---|---|---|---|---|---|---|
r-devel-linux-x86_64-debian-clang | 1.0 | 7.86 | 78.60 | 86.46 | NOTE | |
r-devel-linux-x86_64-debian-gcc | 1.0 | 6.85 | 59.23 | 66.08 | NOTE | |
r-devel-linux-x86_64-fedora-clang | 1.0 | 103.41 | NOTE | |||
r-devel-linux-x86_64-fedora-gcc | 1.0 | 90.93 | NOTE | |||
r-patched-linux-x86_64 | 1.0 | 8.31 | 73.85 | 82.16 | NOTE | |
r-release-linux-x86_64 | 1.0 | 7.93 | 71.06 | 78.99 | NOTE | |
r-release-macos-arm64 | 1.0 | NOTE | ||||
r-release-macos-x86_64 | 1.0 | NOTE | ||||
r-release-windows-x86_64 | 1.0 | 14.00 | 91.00 | 105.00 | NOTE | |
r-oldrel-macos-arm64 | 1.0 | NOTE | ||||
r-oldrel-macos-x86_64 | 1.0 | NOTE | ||||
r-oldrel-windows-ix86+x86_64 | 1.0 | 15.00 | 82.00 | 97.00 | NOTE |
Version: 1.0
Check: R code for possible problems
Result: NOTE
detect.movement: no visible global function definition for 't.test'
generate.random.conf: no visible global function definition for 'rnorm'
Undefined global functions or variables:
rnorm t.test
Consider adding
importFrom("stats", "rnorm", "t.test")
to your NAMESPACE file.
Flavors: r-devel-linux-x86_64-debian-clang, r-devel-linux-x86_64-debian-gcc, r-devel-linux-x86_64-fedora-clang, r-devel-linux-x86_64-fedora-gcc, r-patched-linux-x86_64, r-release-linux-x86_64, r-release-macos-arm64, r-release-macos-x86_64, r-release-windows-x86_64, r-oldrel-macos-arm64, r-oldrel-macos-x86_64, r-oldrel-windows-ix86+x86_64