Last updated on 2022-04-24 03:52:28 CEST.
Flavor | Version | Tinstall | Tcheck | Ttotal | Status | Flags |
---|---|---|---|---|---|---|
r-devel-linux-x86_64-debian-clang | 0.0.2 | 30.72 | 91.79 | 122.51 | WARN | |
r-devel-linux-x86_64-debian-gcc | 0.0.2 | 24.85 | 69.31 | 94.16 | OK | |
r-devel-linux-x86_64-fedora-clang | 0.0.2 | 153.21 | WARN | |||
r-devel-linux-x86_64-fedora-gcc | 0.0.2 | 137.98 | OK | |||
r-patched-linux-x86_64 | 0.0.2 | 27.44 | 86.74 | 114.18 | OK | |
r-release-linux-x86_64 | 0.0.2 | 24.26 | 81.49 | 105.75 | OK | |
r-release-macos-arm64 | 0.0.2 | OK | ||||
r-release-macos-x86_64 | 0.0.2 | OK | ||||
r-release-windows-x86_64 | 0.0.2 | 43.00 | 127.00 | 170.00 | OK | |
r-oldrel-macos-arm64 | 0.0.2 | OK | ||||
r-oldrel-macos-x86_64 | 0.0.2 | OK | ||||
r-oldrel-windows-ix86+x86_64 | 0.0.2 | 68.00 | 137.00 | 205.00 | OK |
Version: 0.0.2
Check: whether package can be installed
Result: WARN
Found the following significant warnings:
cda3.cpp:26:13: warning: use of bitwise '&' with boolean operands [-Wbitwise-instead-of-logical]
Flavors: r-devel-linux-x86_64-debian-clang, r-devel-linux-x86_64-fedora-clang