Last updated on 2022-04-24 03:52:30 CEST.
Flavor | Version | Tinstall | Tcheck | Ttotal | Status | Flags |
---|---|---|---|---|---|---|
r-devel-linux-x86_64-debian-clang | 1.3.0 | 7.53 | 76.51 | 84.04 | NOTE | |
r-devel-linux-x86_64-debian-gcc | 1.3.0 | 6.29 | 58.25 | 64.54 | NOTE | |
r-devel-linux-x86_64-fedora-clang | 1.3.0 | 100.40 | NOTE | |||
r-devel-linux-x86_64-fedora-gcc | 1.3.0 | 89.31 | NOTE | |||
r-patched-linux-x86_64 | 1.3.0 | 6.30 | 72.20 | 78.50 | NOTE | |
r-release-linux-x86_64 | 1.3.0 | 7.93 | 70.30 | 78.23 | NOTE | |
r-release-macos-arm64 | 1.3.0 | NOTE | ||||
r-release-macos-x86_64 | 1.3.0 | NOTE | ||||
r-release-windows-x86_64 | 1.3.0 | 18.00 | 94.00 | 112.00 | NOTE | |
r-oldrel-macos-arm64 | 1.3.0 | NOTE | ||||
r-oldrel-macos-x86_64 | 1.3.0 | NOTE | ||||
r-oldrel-windows-ix86+x86_64 | 1.3.0 | 15.00 | 81.00 | 96.00 | NOTE |
Version: 1.3.0
Check: R code for possible problems
Result: NOTE
generate.clonal.data : pcr.rpareto.func: no visible global function
definition for 'runif'
generate.clonal.data : get.readcount.given.cellcount: no visible global
function definition for 'rlnorm'
generate.clonal.data: no visible global function definition for
'rmultinom'
generate.clonal.data: no visible global function definition for 'rpois'
infer.clonality: no visible global function definition for 'cov'
infer.clonality: no visible global function definition for
'capture.output'
Undefined global functions or variables:
capture.output cov rlnorm rmultinom rpois runif
Consider adding
importFrom("stats", "cov", "rlnorm", "rmultinom", "rpois", "runif")
importFrom("utils", "capture.output")
to your NAMESPACE file.
Flavors: r-devel-linux-x86_64-debian-clang, r-devel-linux-x86_64-debian-gcc, r-devel-linux-x86_64-fedora-clang, r-devel-linux-x86_64-fedora-gcc, r-patched-linux-x86_64, r-release-linux-x86_64, r-release-macos-arm64, r-release-macos-x86_64, r-release-windows-x86_64, r-oldrel-macos-arm64, r-oldrel-macos-x86_64, r-oldrel-windows-ix86+x86_64