Last updated on 2022-04-24 03:52:30 CEST.
Flavor | Version | Tinstall | Tcheck | Ttotal | Status | Flags |
---|---|---|---|---|---|---|
r-devel-linux-x86_64-debian-clang | 0.5.6 | 556.23 | 153.04 | 709.27 | NOTE | |
r-devel-linux-x86_64-debian-gcc | 0.5.6 | 442.20 | 111.72 | 553.92 | NOTE | |
r-devel-linux-x86_64-fedora-clang | 0.5.6 | 1034.37 | NOTE | |||
r-devel-linux-x86_64-fedora-gcc | 0.5.6 | 2.97 | ERROR | |||
r-patched-linux-x86_64 | 0.5.6 | 469.44 | 142.38 | 611.82 | NOTE | |
r-release-linux-x86_64 | 0.5.6 | 440.07 | 135.67 | 575.74 | NOTE | |
r-release-macos-arm64 | 0.5.6 | NOTE | ||||
r-release-macos-x86_64 | 0.5.6 | NOTE | ||||
r-release-windows-x86_64 | 0.5.6 | 384.00 | 203.00 | 587.00 | NOTE | |
r-oldrel-macos-arm64 | 0.5.6 | NOTE | ||||
r-oldrel-macos-x86_64 | 0.5.6 | NOTE | ||||
r-oldrel-windows-ix86+x86_64 | 0.5.6 | 1221.00 | 198.00 | 1419.00 | NOTE |
Version: 0.5.6
Check: for GNU extensions in Makefiles
Result: NOTE
GNU make is a SystemRequirements.
Flavors: r-devel-linux-x86_64-debian-clang, r-devel-linux-x86_64-debian-gcc, r-devel-linux-x86_64-fedora-clang, r-patched-linux-x86_64, r-release-linux-x86_64, r-release-macos-arm64, r-release-macos-x86_64, r-release-windows-x86_64, r-oldrel-macos-arm64, r-oldrel-macos-x86_64, r-oldrel-windows-ix86+x86_64
Version: 0.5.6
Check: installed package size
Result: NOTE
installed size is 18.0Mb
sub-directories of 1Mb or more:
libs 17.0Mb
Flavors: r-devel-linux-x86_64-fedora-clang, r-release-macos-arm64, r-release-macos-x86_64, r-oldrel-macos-arm64, r-oldrel-macos-x86_64, r-oldrel-windows-ix86+x86_64
Version: 0.5.6
Check: package dependencies
Result: ERROR
Package required but not available: ‘GIGrvg’
See section ‘The DESCRIPTION file’ in the ‘Writing R Extensions’
manual.
Flavor: r-devel-linux-x86_64-fedora-gcc