Last updated on 2022-04-24 03:52:31 CEST.
| Flavor | Version | Tinstall | Tcheck | Ttotal | Status | Flags | 
|---|---|---|---|---|---|---|
| r-devel-linux-x86_64-debian-clang | 0.9.3 | 28.93 | 211.50 | 240.43 | OK | |
| r-devel-linux-x86_64-debian-gcc | 0.9.3 | 26.90 | 165.49 | 192.39 | OK | |
| r-devel-linux-x86_64-fedora-clang | 0.9.3 | 355.67 | OK | |||
| r-devel-linux-x86_64-fedora-gcc | 0.9.3 | 308.42 | OK | |||
| r-patched-linux-x86_64 | 0.9.3 | 30.49 | 205.53 | 236.02 | OK | |
| r-release-linux-x86_64 | 0.9.3 | 28.03 | 203.09 | 231.12 | OK | |
| r-release-macos-arm64 | 0.9.3 | OK | ||||
| r-release-macos-x86_64 | 0.9.3 | OK | ||||
| r-release-windows-x86_64 | 0.9.3 | 57.00 | 307.00 | 364.00 | OK | |
| r-oldrel-macos-arm64 | 0.9.3 | OK | ||||
| r-oldrel-macos-x86_64 | 0.9.3 | OK | ||||
| r-oldrel-windows-ix86+x86_64 | 0.9.3 | 76.00 | 439.00 | 515.00 | NOTE | 
Version: 0.9.3
Check: installed package size
Result: NOTE
      installed size is  5.6Mb
      sub-directories of 1Mb or more:
        data   2.0Mb
        doc    1.1Mb
        libs   2.1Mb
Flavor: r-oldrel-windows-ix86+x86_64