Last updated on 2022-04-24 03:52:32 CEST.
Flavor | Version | Tinstall | Tcheck | Ttotal | Status | Flags |
---|---|---|---|---|---|---|
r-devel-linux-x86_64-debian-clang | 0.1.5 | 3.32 | 39.98 | 43.30 | NOTE | |
r-devel-linux-x86_64-debian-gcc | 0.1.5 | 2.21 | 30.97 | 33.18 | NOTE | |
r-devel-linux-x86_64-fedora-clang | 0.1.5 | 53.09 | NOTE | |||
r-devel-linux-x86_64-fedora-gcc | 0.1.5 | 41.37 | NOTE | |||
r-patched-linux-x86_64 | 0.1.5 | 2.69 | 39.18 | 41.87 | NOTE | |
r-release-linux-x86_64 | 0.1.5 | 2.59 | 38.87 | 41.46 | NOTE | |
r-release-macos-arm64 | 0.1.5 | NOTE | ||||
r-release-macos-x86_64 | 0.1.5 | NOTE | ||||
r-release-windows-x86_64 | 0.1.5 | 18.00 | 57.00 | 75.00 | NOTE | |
r-oldrel-macos-arm64 | 0.1.5 | NOTE | ||||
r-oldrel-macos-x86_64 | 0.1.5 | NOTE | ||||
r-oldrel-windows-ix86+x86_64 | 0.1.5 | 6.00 | 49.00 | 55.00 | NOTE |
Version: 0.1.5
Check: R code for possible problems
Result: NOTE
avgokmts: no visible global function definition for 'aggregate'
downloadstn: no visible global function definition for 'read.csv'
nearstn: no visible binding for global variable 'okstations'
nearstn: no visible binding for global variable 'Commissioned'
nearstn: no visible binding for global variable 'Decommissioned'
okcurobs: no visible global function definition for 'read.csv'
okmts: no visible binding for global variable 'okstations'
okmts: no visible binding for global variable 'TIME'
retrievemts: no visible global function definition for 'read.csv'
totalprecip: no visible binding for global variable 'TIME'
totalprecip: no visible global function definition for 'aggregate'
vincenty: no visible global function definition for 'runif'
Undefined global functions or variables:
Commissioned Decommissioned TIME aggregate okstations read.csv runif
Consider adding
importFrom("stats", "aggregate", "runif")
importFrom("utils", "read.csv")
to your NAMESPACE file.
Flavors: r-devel-linux-x86_64-debian-clang, r-devel-linux-x86_64-debian-gcc, r-devel-linux-x86_64-fedora-clang, r-devel-linux-x86_64-fedora-gcc, r-patched-linux-x86_64, r-release-linux-x86_64, r-release-macos-arm64, r-release-macos-x86_64, r-release-windows-x86_64, r-oldrel-macos-arm64, r-oldrel-macos-x86_64, r-oldrel-windows-ix86+x86_64