Last updated on 2022-04-24 03:52:32 CEST.
Flavor | Version | Tinstall | Tcheck | Ttotal | Status | Flags |
---|---|---|---|---|---|---|
r-devel-linux-x86_64-debian-clang | 2.5 | 53.32 | 165.70 | 219.02 | OK | |
r-devel-linux-x86_64-debian-gcc | 2.5 | 39.72 | 131.26 | 170.98 | OK | |
r-devel-linux-x86_64-fedora-clang | 2.5 | 286.12 | OK | |||
r-devel-linux-x86_64-fedora-gcc | 2.5 | 250.28 | OK | |||
r-patched-linux-x86_64 | 2.5 | 45.30 | 153.46 | 198.76 | OK | |
r-release-linux-x86_64 | 2.5 | 41.71 | 151.32 | 193.03 | OK | |
r-release-macos-arm64 | 2.5 | OK | ||||
r-release-macos-x86_64 | 2.5 | NOTE | ||||
r-release-windows-x86_64 | 2.5 | 103.00 | 214.00 | 317.00 | OK | |
r-oldrel-macos-arm64 | 2.5 | OK | ||||
r-oldrel-macos-x86_64 | 2.5 | NOTE | ||||
r-oldrel-windows-ix86+x86_64 | 2.5 | 130.00 | 191.00 | 321.00 | OK |
Version: 2.5
Check: package dependencies
Result: NOTE
Package suggested but not available for checking: ‘paintmap’
Flavors: r-release-macos-x86_64, r-oldrel-macos-x86_64