Last updated on 2022-04-24 03:52:34 CEST.
Flavor | Version | Tinstall | Tcheck | Ttotal | Status | Flags |
---|---|---|---|---|---|---|
r-devel-linux-x86_64-debian-clang | 1.6-2 | 21.30 | 124.01 | 145.31 | OK | |
r-devel-linux-x86_64-debian-gcc | 1.6-2 | 17.86 | 92.84 | 110.70 | OK | |
r-devel-linux-x86_64-fedora-clang | 1.6-2 | 173.40 | OK | |||
r-devel-linux-x86_64-fedora-gcc | 1.6-2 | 145.74 | OK | |||
r-patched-linux-x86_64 | 1.6-2 | 21.08 | 121.61 | 142.69 | OK | |
r-release-linux-x86_64 | 1.6-2 | 19.32 | 121.33 | 140.65 | OK | |
r-release-macos-arm64 | 1.6-2 | NOTE | ||||
r-release-macos-x86_64 | 1.6-2 | NOTE | ||||
r-release-windows-x86_64 | 1.6-2 | 66.00 | 140.00 | 206.00 | OK | |
r-oldrel-macos-arm64 | 1.6-2 | NOTE | ||||
r-oldrel-macos-x86_64 | 1.6-2 | NOTE | ||||
r-oldrel-windows-ix86+x86_64 | 1.6-2 | 30.00 | 122.00 | 152.00 | OK |
Version: 1.6-2
Check: package dependencies
Result: NOTE
Packages suggested but not available for checking:
'GOSemSim', 'org.Hs.eg.db'
Flavors: r-release-macos-arm64, r-oldrel-macos-arm64
Version: 1.6-2
Check: package dependencies
Result: NOTE
Package suggested but not available for checking: ‘org.Hs.eg.db’
Flavors: r-release-macos-x86_64, r-oldrel-macos-x86_64