Last updated on 2022-04-24 03:52:36 CEST.
Flavor | Version | Tinstall | Tcheck | Ttotal | Status | Flags |
---|---|---|---|---|---|---|
r-devel-linux-x86_64-debian-clang | 1.1.1 | 16.10 | 218.98 | 235.08 | NOTE | |
r-devel-linux-x86_64-debian-gcc | 1.1.1 | 13.75 | 144.09 | 157.84 | NOTE | |
r-devel-linux-x86_64-fedora-clang | 1.1.1 | 279.40 | NOTE | |||
r-devel-linux-x86_64-fedora-gcc | 1.1.1 | 262.59 | NOTE | |||
r-patched-linux-x86_64 | 1.1.1 | 16.61 | 207.81 | 224.42 | OK | |
r-release-linux-x86_64 | 1.1.1 | 12.76 | 196.09 | 208.85 | OK | |
r-release-macos-arm64 | 1.1.1 | OK | ||||
r-release-macos-x86_64 | 1.1.1 | OK | ||||
r-release-windows-x86_64 | 1.1.1 | 48.00 | 198.00 | 246.00 | OK | |
r-oldrel-macos-arm64 | 1.1.1 | OK | ||||
r-oldrel-macos-x86_64 | 1.1.1 | OK | ||||
r-oldrel-windows-ix86+x86_64 | 1.1.1 | 34.00 | 211.00 | 245.00 | OK |
Version: 1.1.1
Check: Rd files
Result: NOTE
checkRd: (7) file 'TR.RT.TT.RR.Rd': \item in \describe must have non-empty label
checkRd: (7) file 'TRR.RTR.RRT.Rd': \item in \describe must have non-empty label
checkRd: (7) file 'TRR.RTR.Rd': \item in \describe must have non-empty label
checkRd: (7) file 'TRR.RTT.Rd': \item in \describe must have non-empty label
checkRd: (7) file 'TRRT.RTTR.Rd': \item in \describe must have non-empty label
checkRd: (7) file 'TRRT.RTTR.TTRR.RRTT.Rd': \item in \describe must have non-empty label
checkRd: (7) file 'TRT.RTR.Rd': \item in \describe must have non-empty label
checkRd: (7) file 'TRTR.RTRT.Rd': \item in \describe must have non-empty label
checkRd: (7) file 'TRTR.RTRT.TRRT.RTTR.Rd': \item in \describe must have non-empty label
checkRd: (7) file 'TTRR.RRTT.Rd': \item in \describe must have non-empty label
Flavors: r-devel-linux-x86_64-debian-clang, r-devel-linux-x86_64-debian-gcc, r-devel-linux-x86_64-fedora-clang, r-devel-linux-x86_64-fedora-gcc