Last updated on 2022-04-24 03:52:40 CEST.
Flavor | Version | Tinstall | Tcheck | Ttotal | Status | Flags |
---|---|---|---|---|---|---|
r-devel-linux-x86_64-debian-clang | 2.2.0 | 25.37 | 277.15 | 302.52 | NOTE | |
r-devel-linux-x86_64-debian-gcc | 2.2.0 | 22.61 | 207.04 | 229.65 | NOTE | |
r-devel-linux-x86_64-fedora-clang | 2.2.0 | 380.96 | NOTE | |||
r-devel-linux-x86_64-fedora-gcc | 2.2.0 | 356.87 | NOTE | |||
r-patched-linux-x86_64 | 2.2.0 | 34.06 | 262.77 | 296.83 | NOTE | |
r-release-linux-x86_64 | 2.2.0 | 28.64 | 184.68 | 213.32 | NOTE | |
r-release-macos-arm64 | 2.2.0 | NOTE | ||||
r-release-macos-x86_64 | 2.2.0 | NOTE | ||||
r-release-windows-x86_64 | 2.2.0 | 199.00 | 385.00 | 584.00 | NOTE | |
r-oldrel-macos-arm64 | 2.2.0 | NOTE | ||||
r-oldrel-macos-x86_64 | 2.2.0 | NOTE | ||||
r-oldrel-windows-ix86+x86_64 | 2.2.0 | 49.00 | 218.00 | 267.00 | NOTE |
Version: 2.2.0
Check: package dependencies
Result: NOTE
Packages suggested but not available for checking: 'cplexAPI', 'clpAPI'
Flavors: r-devel-linux-x86_64-debian-clang, r-devel-linux-x86_64-debian-gcc, r-devel-linux-x86_64-fedora-clang, r-devel-linux-x86_64-fedora-gcc, r-patched-linux-x86_64, r-release-linux-x86_64, r-release-macos-arm64, r-release-macos-x86_64, r-oldrel-macos-arm64, r-oldrel-macos-x86_64
Version: 2.2.0
Check: package dependencies
Result: NOTE
Package suggested but not available for checking: 'cplexAPI'
Flavors: r-release-windows-x86_64, r-oldrel-windows-ix86+x86_64