Last updated on 2022-04-24 03:52:40 CEST.
Flavor | Version | Tinstall | Tcheck | Ttotal | Status | Flags |
---|---|---|---|---|---|---|
r-devel-linux-x86_64-debian-clang | 2.0.2 | 9.88 | 108.09 | 117.97 | NOTE | |
r-devel-linux-x86_64-debian-gcc | 2.0.2 | 8.55 | 80.36 | 88.91 | NOTE | |
r-devel-linux-x86_64-fedora-clang | 2.0.2 | 138.91 | NOTE | |||
r-devel-linux-x86_64-fedora-gcc | 2.0.2 | 124.81 | NOTE | |||
r-patched-linux-x86_64 | 2.0.2 | 12.84 | 100.58 | 113.42 | NOTE | |
r-release-linux-x86_64 | 2.0.2 | 9.03 | 93.48 | 102.51 | NOTE | |
r-release-macos-arm64 | 2.0.2 | NOTE | ||||
r-release-macos-x86_64 | 2.0.2 | NOTE | ||||
r-release-windows-x86_64 | 2.0.2 | 46.00 | 117.00 | 163.00 | NOTE | |
r-oldrel-macos-arm64 | 2.0.2 | NOTE | ||||
r-oldrel-macos-x86_64 | 2.0.2 | NOTE | ||||
r-oldrel-windows-ix86+x86_64 | 2.0.2 | 20.00 | 105.00 | 125.00 | NOTE |
Version: 2.0.2
Check: package dependencies
Result: NOTE
Package suggested but not available for checking: 'cplexAPI'
Flavors: r-devel-linux-x86_64-debian-clang, r-devel-linux-x86_64-debian-gcc, r-devel-linux-x86_64-fedora-clang, r-devel-linux-x86_64-fedora-gcc, r-patched-linux-x86_64, r-release-linux-x86_64, r-release-macos-arm64, r-release-macos-x86_64, r-release-windows-x86_64, r-oldrel-macos-arm64, r-oldrel-macos-x86_64, r-oldrel-windows-ix86+x86_64