Last updated on 2022-04-24 03:52:40 CEST.
Flavor | Version | Tinstall | Tcheck | Ttotal | Status | Flags |
---|---|---|---|---|---|---|
r-devel-linux-x86_64-debian-clang | 0.1 | 3.48 | 39.80 | 43.28 | NOTE | |
r-devel-linux-x86_64-debian-gcc | 0.1 | 4.16 | 30.05 | 34.21 | NOTE | |
r-devel-linux-x86_64-fedora-clang | 0.1 | 54.18 | NOTE | |||
r-devel-linux-x86_64-fedora-gcc | 0.1 | 42.58 | NOTE | |||
r-patched-linux-x86_64 | 0.1 | 5.17 | 37.01 | 42.18 | NOTE | |
r-release-linux-x86_64 | 0.1 | 3.98 | 35.92 | 39.90 | NOTE | |
r-release-macos-arm64 | 0.1 | NOTE | ||||
r-release-macos-x86_64 | 0.1 | NOTE | ||||
r-release-windows-x86_64 | 0.1 | 41.00 | 58.00 | 99.00 | NOTE | |
r-oldrel-macos-arm64 | 0.1 | NOTE | ||||
r-oldrel-macos-x86_64 | 0.1 | NOTE | ||||
r-oldrel-windows-ix86+x86_64 | 0.1 | 12.00 | 34.00 | 46.00 | NOTE |
Version: 0.1
Check: R code for possible problems
Result: NOTE
DrawMargin: no visible global function definition for 'qnorm'
DrawProbability: no visible global function definition for 'pnorm'
Factor: no visible global function definition for 'new'
Gaussian: no visible global function definition for 'new'
LikelihoodFactor: no visible global function definition for 'new'
Parameters: no visible global function definition for 'new'
Player: no visible global function definition for 'new'
PriorFactor: no visible global function definition for 'new'
SumFactor: no visible global function definition for 'new'
TruncateFactor: no visible global function definition for 'new'
Variable: no visible global function definition for 'new'
Vdraw: no visible global function definition for 'dnorm'
Vdraw: no visible global function definition for 'pnorm'
Vwin: no visible global function definition for 'dnorm'
Vwin: no visible global function definition for 'pnorm'
Wdraw: no visible global function definition for 'dnorm'
Wdraw: no visible global function definition for 'pnorm'
Undefined global functions or variables:
dnorm new pnorm qnorm
Consider adding
importFrom("methods", "new")
importFrom("stats", "dnorm", "pnorm", "qnorm")
to your NAMESPACE file (and ensure that your DESCRIPTION Imports field
contains 'methods').
Flavors: r-devel-linux-x86_64-debian-clang, r-devel-linux-x86_64-debian-gcc, r-devel-linux-x86_64-fedora-clang, r-devel-linux-x86_64-fedora-gcc, r-patched-linux-x86_64, r-release-linux-x86_64, r-release-macos-arm64, r-release-macos-x86_64, r-release-windows-x86_64, r-oldrel-macos-arm64, r-oldrel-macos-x86_64, r-oldrel-windows-ix86+x86_64
Version: 0.1
Check: dependencies in R code
Result: NOTE
Namespace in Imports field not imported from: ‘methods’
All declared Imports should be used.
Flavors: r-devel-linux-x86_64-fedora-clang, r-devel-linux-x86_64-fedora-gcc, r-release-macos-arm64, r-release-macos-x86_64, r-oldrel-macos-arm64, r-oldrel-macos-x86_64