Last updated on 2022-04-24 03:52:41 CEST.
Flavor | Version | Tinstall | Tcheck | Ttotal | Status | Flags |
---|---|---|---|---|---|---|
r-devel-linux-x86_64-debian-clang | 2.6-2 | 42.54 | 335.00 | 377.54 | OK | |
r-devel-linux-x86_64-debian-gcc | 2.6-2 | 36.19 | 246.15 | 282.34 | OK | |
r-devel-linux-x86_64-fedora-clang | 2.6-2 | 475.79 | OK | |||
r-devel-linux-x86_64-fedora-gcc | 2.6-2 | 469.68 | OK | |||
r-patched-linux-x86_64 | 2.6-2 | 46.27 | 319.31 | 365.58 | OK | |
r-release-linux-x86_64 | 2.6-2 | 37.76 | 317.96 | 355.72 | OK | |
r-release-macos-arm64 | 2.6-2 | NOTE | ||||
r-release-macos-x86_64 | 2.6-2 | OK | ||||
r-release-windows-x86_64 | 2.6-2 | 138.00 | 463.00 | 601.00 | OK | |
r-oldrel-macos-arm64 | 2.6-2 | NOTE | ||||
r-oldrel-macos-x86_64 | 2.6-2 | OK | ||||
r-oldrel-windows-ix86+x86_64 | 2.6-2 | 79.00 | 361.00 | 440.00 | OK |
Version: 2.6-2
Check: installed package size
Result: NOTE
installed size is 5.1Mb
sub-directories of 1Mb or more:
R 2.0Mb
doc 1.2Mb
Flavors: r-release-macos-arm64, r-oldrel-macos-arm64